[INFO] cloning repository https://github.com/Andrew-Day-Coder/Connect-4-Rust
[INFO] running `Command { std: "git" "-c" "credential.helper=" "-c" "credential.helper=/workspace/cargo-home/bin/git-credential-null" "clone" "--bare" "https://github.com/Andrew-Day-Coder/Connect-4-Rust" "/workspace/cache/git-repos/https%3A%2F%2Fgithub.com%2FAndrew-Day-Coder%2FConnect-4-Rust", kill_on_drop: false }`
[INFO] [stderr] Cloning into bare repository '/workspace/cache/git-repos/https%3A%2F%2Fgithub.com%2FAndrew-Day-Coder%2FConnect-4-Rust'...
[INFO] running `Command { std: "git" "rev-parse" "HEAD", kill_on_drop: false }`
[INFO] [stdout] 08c034ab6a893174a73f60e5c5e3e2ce94e9e29c
[INFO] checking Andrew-Day-Coder/Connect-4-Rust against try#72f88fc4e9458f89516a0b8b0868f3718aec5b47 for pr-74989
[INFO] running `Command { std: "git" "clone" "/workspace/cache/git-repos/https%3A%2F%2Fgithub.com%2FAndrew-Day-Coder%2FConnect-4-Rust" "/workspace/builds/worker-6/source", kill_on_drop: false }`
[INFO] [stderr] Cloning into '/workspace/builds/worker-6/source'...
[INFO] [stderr] done.
[INFO] validating manifest of git repo https://github.com/Andrew-Day-Coder/Connect-4-Rust on toolchain 72f88fc4e9458f89516a0b8b0868f3718aec5b47
[INFO] running `Command { std: "/workspace/cargo-home/bin/cargo" "+72f88fc4e9458f89516a0b8b0868f3718aec5b47" "read-manifest" "--manifest-path" "Cargo.toml", kill_on_drop: false }`
[INFO] started tweaking git repo https://github.com/Andrew-Day-Coder/Connect-4-Rust
[INFO] removed workspace from git repo https://github.com/Andrew-Day-Coder/Connect-4-Rust
[INFO] removed path dependency game from git repo https://github.com/Andrew-Day-Coder/Connect-4-Rust
[INFO] removed path dependency minimax from git repo https://github.com/Andrew-Day-Coder/Connect-4-Rust
[INFO] finished tweaking git repo https://github.com/Andrew-Day-Coder/Connect-4-Rust
[INFO] tweaked toml for git repo https://github.com/Andrew-Day-Coder/Connect-4-Rust written to /workspace/builds/worker-6/source/Cargo.toml
[INFO] crate git repo https://github.com/Andrew-Day-Coder/Connect-4-Rust already has a lockfile, it will not be regenerated
[INFO] running `Command { std: "/workspace/cargo-home/bin/cargo" "+72f88fc4e9458f89516a0b8b0868f3718aec5b47" "fetch" "--locked" "--manifest-path" "Cargo.toml", kill_on_drop: false }`
[INFO] [stderr] warning: dependency (game) specified without providing a local path, Git repository, or version to use. This will be considered an error in future versions
[INFO] [stderr] warning: dependency (minimax) specified without providing a local path, Git repository, or version to use. This will be considered an error in future versions
[INFO] [stderr]     Updating crates.io index
[INFO] [stderr] error: the lock file /workspace/builds/worker-6/source/Cargo.lock needs to be updated but --locked was passed to prevent this
[INFO] [stderr] If you want to try to generate the lock file without accessing the network, use the --offline flag.
[INFO] the lockfile is outdated, regenerating it
[INFO] running `Command { std: "/workspace/cargo-home/bin/cargo" "+72f88fc4e9458f89516a0b8b0868f3718aec5b47" "generate-lockfile" "--manifest-path" "Cargo.toml" "-Zno-index-update", kill_on_drop: false }`
[INFO] running `Command { std: "/workspace/cargo-home/bin/cargo" "+72f88fc4e9458f89516a0b8b0868f3718aec5b47" "fetch" "--locked" "--manifest-path" "Cargo.toml", kill_on_drop: false }`
[INFO] [stderr] warning: dependency (game) specified without providing a local path, Git repository, or version to use. This will be considered an error in future versions
[INFO] [stderr] warning: dependency (minimax) specified without providing a local path, Git repository, or version to use. This will be considered an error in future versions
[INFO] [stderr]  Downloading crates ...
[INFO] [stderr]   Downloaded game v0.1.0
[INFO] [stderr]   Downloaded minimax v0.0.2
[INFO] running `Command { std: "docker" "create" "-v" "/var/lib/crater-agent-workspace/builds/worker-6/target:/opt/rustwide/target:rw,Z" "-v" "/var/lib/crater-agent-workspace/builds/worker-6/source:/opt/rustwide/workdir:ro,Z" "-v" "/var/lib/crater-agent-workspace/cargo-home:/opt/rustwide/cargo-home:ro,Z" "-v" "/var/lib/crater-agent-workspace/rustup-home:/opt/rustwide/rustup-home:ro,Z" "-e" "SOURCE_DIR=/opt/rustwide/workdir" "-e" "CARGO_TARGET_DIR=/opt/rustwide/target" "-e" "CARGO_HOME=/opt/rustwide/cargo-home" "-e" "RUSTUP_HOME=/opt/rustwide/rustup-home" "-w" "/opt/rustwide/workdir" "-m" "1610612736" "--user" "0:0" "--network" "none" "rustops/crates-build-env@sha256:d92eaeed33fa75130ca1ee6c8a01d1ffb62bac859dfdfb3450e3e5d1c0146529" "/opt/rustwide/cargo-home/bin/cargo" "+72f88fc4e9458f89516a0b8b0868f3718aec5b47" "metadata" "--no-deps" "--format-version=1", kill_on_drop: false }`
[INFO] [stdout] 76d18f084d94d5d5162ced246fed69766859a87dc08fc7a89a0393ec41d41eac
[INFO] [stderr] WARNING: Your kernel does not support swap limit capabilities or the cgroup is not mounted. Memory limited without swap.
[INFO] running `Command { std: "docker" "start" "-a" "76d18f084d94d5d5162ced246fed69766859a87dc08fc7a89a0393ec41d41eac", kill_on_drop: false }`
[INFO] running `Command { std: "docker" "inspect" "76d18f084d94d5d5162ced246fed69766859a87dc08fc7a89a0393ec41d41eac", kill_on_drop: false }`
[INFO] running `Command { std: "docker" "rm" "-f" "76d18f084d94d5d5162ced246fed69766859a87dc08fc7a89a0393ec41d41eac", kill_on_drop: false }`
[INFO] [stdout] 76d18f084d94d5d5162ced246fed69766859a87dc08fc7a89a0393ec41d41eac
[INFO] running `Command { std: "docker" "create" "-v" "/var/lib/crater-agent-workspace/builds/worker-6/target:/opt/rustwide/target:rw,Z" "-v" "/var/lib/crater-agent-workspace/builds/worker-6/source:/opt/rustwide/workdir:ro,Z" "-v" "/var/lib/crater-agent-workspace/cargo-home:/opt/rustwide/cargo-home:ro,Z" "-v" "/var/lib/crater-agent-workspace/rustup-home:/opt/rustwide/rustup-home:ro,Z" "-e" "SOURCE_DIR=/opt/rustwide/workdir" "-e" "CARGO_TARGET_DIR=/opt/rustwide/target" "-e" "CARGO_INCREMENTAL=0" "-e" "RUST_BACKTRACE=full" "-e" "RUSTFLAGS=--cap-lints=forbid" "-e" "CARGO_HOME=/opt/rustwide/cargo-home" "-e" "RUSTUP_HOME=/opt/rustwide/rustup-home" "-w" "/opt/rustwide/workdir" "-m" "1610612736" "--user" "0:0" "--network" "none" "rustops/crates-build-env@sha256:d92eaeed33fa75130ca1ee6c8a01d1ffb62bac859dfdfb3450e3e5d1c0146529" "/opt/rustwide/cargo-home/bin/cargo" "+72f88fc4e9458f89516a0b8b0868f3718aec5b47" "check" "--frozen" "--all" "--all-targets" "--message-format=json", kill_on_drop: false }`
[INFO] [stdout] 6bcbe9e46fb0c618a784022b4a93e53667e0e59b58ff922e615e13f6b3c123ce
[INFO] [stderr] WARNING: Your kernel does not support swap limit capabilities or the cgroup is not mounted. Memory limited without swap.
[INFO] running `Command { std: "docker" "start" "-a" "6bcbe9e46fb0c618a784022b4a93e53667e0e59b58ff922e615e13f6b3c123ce", kill_on_drop: false }`
[INFO] [stderr] warning: dependency (game) specified without providing a local path, Git repository, or version to use. This will be considered an error in future versions
[INFO] [stderr] warning: dependency (minimax) specified without providing a local path, Git repository, or version to use. This will be considered an error in future versions
[INFO] [stderr]     Blocking waiting for file lock on package cache
[INFO] [stderr]     Checking game v0.1.0
[INFO] [stderr]     Checking minimax v0.0.2
[INFO] [stderr]     Checking connect_four v0.1.0 (/opt/rustwide/workdir)
[INFO] [stdout] error[E0432]: unresolved imports `minimax::Evaluable`, `minimax::Minimax`
[INFO] [stdout]  --> src/main.rs:4:15
[INFO] [stdout]   |
[INFO] [stdout] 4 | use minimax::{Evaluable, Minimax, Player as MinimaxPlayer};
[INFO] [stdout]   |               ^^^^^^^^^  ^^^^^^^ no `Minimax` in the root
[INFO] [stdout]   |               |
[INFO] [stdout]   |               no `Evaluable` in the root
[INFO] [stdout]   |               help: a similar name exists in the module: `Evaluator`
[INFO] [stdout] 
[INFO] [stdout] 
[INFO] [stdout] error[E0432]: unresolved import `game::ConnectFour`
[INFO] [stdout]  --> src/main.rs:5:12
[INFO] [stdout]   |
[INFO] [stdout] 5 | use game::{ConnectFour};
[INFO] [stdout]   |            ^^^^^^^^^^^ no `ConnectFour` in the root
[INFO] [stdout] 
[INFO] [stdout] 
[INFO] [stdout] error[E0432]: unresolved imports `minimax::Evaluable`, `minimax::Minimax`
[INFO] [stdout]  --> src/main.rs:4:15
[INFO] [stdout]   |
[INFO] [stdout] 4 | use minimax::{Evaluable, Minimax, Player as MinimaxPlayer};
[INFO] [stdout]   |               ^^^^^^^^^  ^^^^^^^ no `Minimax` in the root
[INFO] [stdout]   |               |
[INFO] [stdout]   |               no `Evaluable` in the root
[INFO] [stdout]   |               help: a similar name exists in the module: `Evaluator`
[INFO] [stdout] 
[INFO] [stdout] 
[INFO] [stdout] error[E0432]: unresolved import `game::ConnectFour`
[INFO] [stdout]  --> src/main.rs:5:12
[INFO] [stdout]   |
[INFO] [stdout] 5 | use game::{ConnectFour};
[INFO] [stdout]   |            ^^^^^^^^^^^ no `ConnectFour` in the root
[INFO] [stdout] 
[INFO] [stdout] 
[INFO] [stdout] error[E0599]: no variant or associated item named `MINIMIZING` found for enum `Player` in the current scope
[INFO] [stdout]   --> src/main.rs:53:46
[INFO] [stdout]    |
[INFO] [stdout] 53 |         ai = ai.alpha_beta(5, MinimaxPlayer::MINIMIZING).unwrap();
[INFO] [stdout]    |                                              ^^^^^^^^^^ variant or associated item not found in `Player`
[INFO] [stdout] 
[INFO] [stdout] 
[INFO] [stdout] error[E0599]: no variant or associated item named `MINIMIZING` found for enum `Player` in the current scope
[INFO] [stdout]   --> src/main.rs:53:46
[INFO] [stdout]    |
[INFO] [stdout] 53 |         ai = ai.alpha_beta(5, MinimaxPlayer::MINIMIZING).unwrap();
[INFO] [stdout]    |                                              ^^^^^^^^^^ variant or associated item not found in `Player`
[INFO] [stdout] 
[INFO] [stdout] 
[INFO] [stdout] error: aborting due to 3 previous errors
[INFO] [stdout] 
[INFO] [stdout] 
[INFO] [stdout] Some errors have detailed explanations: E0432, E0599.
[INFO] [stdout] 
[INFO] [stdout] For more information about an error, try `rustc --explain E0432`.
[INFO] [stdout] 
[INFO] [stdout] error: aborting due to 3 previous errors
[INFO] [stdout] 
[INFO] [stdout] 
[INFO] [stdout] Some errors have detailed explanations: E0432, E0599.
[INFO] [stdout] 
[INFO] [stdout] For more information about an error, try `rustc --explain E0432`.
[INFO] [stdout] 
[INFO] [stderr] error: could not compile `connect_four`.
[INFO] [stderr] 
[INFO] [stderr] To learn more, run the command again with --verbose.
[INFO] [stderr] warning: build failed, waiting for other jobs to finish...
[INFO] [stderr] error: build failed
[INFO] running `Command { std: "docker" "inspect" "6bcbe9e46fb0c618a784022b4a93e53667e0e59b58ff922e615e13f6b3c123ce", kill_on_drop: false }`
[INFO] running `Command { std: "docker" "rm" "-f" "6bcbe9e46fb0c618a784022b4a93e53667e0e59b58ff922e615e13f6b3c123ce", kill_on_drop: false }`
[INFO] [stdout] 6bcbe9e46fb0c618a784022b4a93e53667e0e59b58ff922e615e13f6b3c123ce
